{"id":2,"date":"2017-09-12T08:04:04","date_gmt":"2017-09-12T08:04:04","guid":{"rendered":"http:\/\/ds-parkett.de\/?page_id=2"},"modified":"2017-12-29T11:06:14","modified_gmt":"2017-12-29T11:06:14","slug":"sample-page","status":"publish","type":"page","link":"https:\/\/ds-parkett.de\/","title":{"rendered":"Home"},"content":{"rendered":"<div id=\"pl-2\"  class=\"panel-layout\" ><div id=\"pg-2-0\"  class=\"panel-grid panel-has-style\" ><div class=\"panel-row-style panel-row-style-for-2-0\" ><div id=\"pgc-2-0-0\"  class=\"panel-grid-cell\" ><div id=\"panel-2-0-0-0\" class=\"so-panel widget widget_sow-editor panel-first-child panel-last-child\" data-index=\"0\" ><div\n\t\t\t\n\t\t\tclass=\"so-widget-sow-editor so-widget-sow-editor-base\"\n\t\t\t\n\t\t><h3 class=\"widget-title\">Willkommen bei Ihrem Parkett &amp; Fu\u00dfbodentechnik Fachbetrieb<\/h3>\n<div class=\"siteorigin-widget-tinymce textwidget\">\n\t<p>Kleine Renovierungen,\u00a0 gro\u00dfe Bauprojekte, egal ob privater Hausbau oder ein Gewerbeprojekt;\u00a0 DS-Parkett ist Ihr professioneller Partner und Fachmann f\u00fcr alle Arten von Fussbodenbel\u00e4gen.<\/p>\n<p>Wir sorgen daf\u00fcr, dass Sie lange Freude an Ihrem Fu\u00dfboden haben.<br \/>Je nach Beanspruchung und Anforderungen verlegen wir,\u00a0 CV Bel\u00e4ge, Laminat, Kork, Parkett, Teppich, Designbodenbel\u00e4ge, elastische Bodenbel\u00e4ge.<br \/>Dazu geh\u00f6ren selbstverst\u00e4ndlich s\u00e4mtliche Vorbereitungsarbeiten sowie der fachgerechte Unterbau des Belages.<br \/>Sie m\u00f6chten Ihren bestehenden Fu\u00dfboden fachm\u00e4nnisch aufarbeiten lassen? Auch daf\u00fcr sind wir genau die richtige Adresse.<\/p>\n<\/div>\n<\/div><\/div><\/div><\/div><\/div><\/div>","protected":false},"excerpt":{"rendered":"<p>Kleine Renovierungen,\u00a0 gro\u00dfe Bauprojekte, egal ob privater Hausbau oder ein Gewerbeprojekt;\u00a0 DS-Parkett ist Ihr professioneller Partner und Fachmann f\u00fcr alle Arten von Fussbodenbel\u00e4gen. Wir sorgen daf\u00fcr, dass Sie lange Freude an Ihrem Fu\u00dfboden haben.Je nach Beanspruchung und Anforderungen verlegen wir,\u00a0 CV Bel\u00e4ge, Laminat, Kork, Parkett, Teppich, Designbodenbel\u00e4ge, elastische Bodenbel\u00e4ge.Dazu geh\u00f6ren selbstverst\u00e4ndlich s\u00e4mtliche Vorbereitungsarbeiten sowie der&hellip;<\/p>\n","protected":false},"author":1,"featured_media":0,"parent":0,"menu_order":0,"comment_status":"closed","ping_status":"closed","template":"","meta":{"footnotes":""},"class_list":["post-2","page","type-page","status-publish","hentry"],"_links":{"self":[{"href":"https:\/\/ds-parkett.de\/index.php\/wp-json\/wp\/v2\/pages\/2","targetHints":{"allow":["GET"]}}],"collection":[{"href":"https:\/\/ds-parkett.de\/index.php\/wp-json\/wp\/v2\/pages"}],"about":[{"href":"https:\/\/ds-parkett.de\/index.php\/wp-json\/wp\/v2\/types\/page"}],"author":[{"embeddable":true,"href":"https:\/\/ds-parkett.de\/index.php\/wp-json\/wp\/v2\/users\/1"}],"replies":[{"embeddable":true,"href":"https:\/\/ds-parkett.de\/index.php\/wp-json\/wp\/v2\/comments?post=2"}],"version-history":[{"count":14,"href":"https:\/\/ds-parkett.de\/index.php\/wp-json\/wp\/v2\/pages\/2\/revisions"}],"predecessor-version":[{"id":209,"href":"https:\/\/ds-parkett.de\/index.php\/wp-json\/wp\/v2\/pages\/2\/revisions\/209"}],"wp:attachment":[{"href":"https:\/\/ds-parkett.de\/index.php\/wp-json\/wp\/v2\/media?parent=2"}],"curies":[{"name":"wp","href":"https:\/\/api.w.org\/{rel}","templated":true}]}}